j be (-525)/(-2) - z - 9/6. Suppose 2*k - 5*t = 183, 4*k - j = -2*t + 140. What is the units digit of k?
9
Suppose 5*u = 2*c - 55, -c - u - u + 32 = 0. Let h be c/(-42) + 1 + (-2998)/7. Let j = -270 - h. What is the tens digit of j?
5
Suppose -9*p - 7530 = 6*p. Let s = p + 1341. What is the hundreds digit of s?
8
Suppose 64975 = 11*y - 15831. Suppose 19*d + 1874 = y. Suppose -3*v + 2*u + 2*u + 410 = 0, -2*v - u = -d. What is the tens digit of v?
4
Let l(m) = 276*m - 22. Let o be l(3). Suppose -3*u + 11*k + 599 = 9*k, o = 4*u + k. What is the units digit of u?
1
Let t(i) = -1383 + 18*i**2 + 1365 + i + 0*i. What is the units digit of t(-5)?
7
Let o = 27 + -27. Suppose -2*t + o*t = -6, 2*t - 11 = 5*u. What is the tens digit of (u + 2)/((-4)/(-40))?
1
Let u(a) = 87*a**3 - 11*a - 2. What is the thousands digit of u(3)?
2
Suppose 14*n - 17*n = -3*f - 3753, 2*f = -10. What is the tens digit of n?
4
Let v(o) = 32*o + 354. What is the hundreds digit of v(9)?
6
Suppose -j + 19 = 5*r, j - 2 = 2. Suppose 4*x - 40 = -4*x. Suppose x*n - 25 = -4*a - a, -r*a - 5 = -n. What is the units digit of n?
5
What is the hundreds digit of (8/(-18 - -2))/((-6)/50016)?
1
Let b(x) = 21*x - 12. Suppose 6*f = 5 + 25. Let n = 9 - f. What is the units digit of b(n)?
2
Let u = 12 - 43. Let h = u - -28. What is the units digit of h/5 + (-246)/(-10)?
4
Suppose 4*a - 17 - 1123 = 0. Let c(o) = -o**3 - 2*o**2 + 42*o + 12. Let u be c(-9). Let x = a - u. What is the units digit of x?
4
Suppose 0 = -14985*o + 15023*o - 1115300. What is the tens digit of o?
5
Let r(i) = i**3 + 13*i**2 + 4*i - 5. Let a be r(-12). Suppose 84 - a = -c. Suppose 4*h = -8, -9*y + 3*h + 138 = -c*y. What is the tens digit of y?
6
Suppose 47*s - 20 = 43*s. Suppose -3*m + 3297 = 5*t - s*m, -t - 2*m = -669. What is the units digit of t?
1
Suppose 1501632 = 78*z - 117*z + 66*z. What is the tens digit of z?
1
Let y(i) = -2*i**3 + 9*i**2 + 10*i - 344. What is the ten thousands digit of y(-24)?
3
Let t(p) = -p**3 + 53*p**2 - 34*p + 119. Let u be t(52). Let w = -175 + u. What is the units digit of w?
0
Suppose -57*j + 56*j - 5*m + 10038 = 0, 30204 = 3*j - 3*m. What is the ten thousands digit of j?
1
Let b = -23031 + 32396. What is the thousands digit of b?
9
Suppose -36*o = 6*o. Let k = 1254 - 534. Suppose i + 8*i - k = o. What is the tens digit of i?
8
Let i(b) = 7*b**2 - 13*b + 1. Let d be i(2). Let l be (-2 - -4)/(17/(-5) + d). What is the units digit of (0 + -1 - -18) + l?
2
Suppose 0 = 20*p - 725446 + 101681 - 625335. What is the hundreds digit of p?
4
Let z(v) = 1039*v**2 - 248*v + 1272. What is the units digit of z(5)?
7
Suppose -898*w + 9398664 = -502*w. What is the units digit of w?
4
Suppose 109539 = -5*d + 5*h + 314134, -d + 40943 = 2*h. What is the tens digit of d?
2
Let g(t) = -12*t + 3 - 743*t**2 + 742*t**2 - 1. Let a be g(-12). Suppose 0 = -a*f + 2 + 44. What is the units digit of f?
3
Let d(k) = -k**3 + 15*k**2 + 16*k - 6. Let j be d(16). Let g be (j/(-18))/(-1 + 0)*-6. Suppose 0 = -0*r + g*r - 230. What is the tens digit of r?
1
Let j = 254 + -254. Suppose 4*a - 288 - 1648 = j. What is the units digit of a?
4
Suppose 9*g + 73891 = 75786 + 145561. What is the thousands digit of g?
6
Let y(w) = 21*w**2 + 44*w + 36. Let l be y(-18). What is the tens digit of (l/(-294))/(0 + 3/(-70))?
8
Suppose 22*y = 2582 + 51846. Let i = -1511 + y. What is the units digit of i?
3
Let w = 104 - 98. Let g be -4*w/(-16) + (-74)/(-4). Suppose -g*x = -15*x - 600. What is the hundreds digit of x?
1
Suppose -j - 4*t = -3*j + 252, -4*t - 368 = -3*j. Suppose -j + 440 = 4*c. What is the units digit of c?
1
Let a(u) = u**2 - 47*u + 224. Let l be a(42). Suppose -18*o = -l*o - 4524. What is the tens digit of o?
3
Let u(b) be the first derivative of 2*b**3/3 - 11*b**2/2 + b - 95. What is the units digit of u(11)?
2
Suppose d = 22*d + 50186 - 352145. What is the ten thousands digit of d?
1
Suppose 3*t + 6139 = 3*o + 5*t, -2*o = -2*t - 4076. What is the units digit of o?
3
Suppose 4*s = -4*a - 47 - 49, -3*a - 2*s - 67 = 0. Let g(t) = -t**3 - 18*t**2 - 6*t + 9. What is the hundreds digit of g(a)?
4
Let x = 45 - 92. Let c = -65 - x. What is the hundreds digit of (1782/(-4))/(-3) - c/12?
1
Let h(x) = 18*x + 9. Suppose -7*o - 3 = -6*o. Let t(g) = -g - 1. Let z(w) = o*t(w) - h(w). What is the units digit of z(-4)?
4
Let f = 17919 - -4729. What is the units digit of f?
8
Let j = 10175 + -5244. What is the tens digit of j?
3
Let v(w) = 31*w + 123. Suppose 2*b - 2*u - 105 = -3*b, 3*b = u + 62. What is the tens digit of v(b)?
1
Suppose 0*p - 2*m = 2*p - 4, -19 = 4*p - 5*m. Let q be (-9)/(-3) - 3*p. Suppose -7 = -2*h + g, 3*g = -q*h + 4*h - 13. What is the units digit of h?
1
Let g = 2648 + 1525. What is the tens digit of g?
7
Let o = 6731 - 1983. What is the hundreds digit of o?
7
Suppose 4 = f + 5*y + 9, -2*f = 3*y - 4. Let n(b) = -2*b**3 + 7*b**2 - b - 4. Let x be n(f). What is the tens digit of 189/x*-1*5*4?
4
Let d(m) = -m - 6. Let f(z) = 3*z + 15. Let b be f(-6). Let u be d(b). Let g(i) = -32*i - 9. What is the tens digit of g(u)?
8
Let z(a) = -5*a - 67. Let r be z(-14). Suppose -4*j + 726 = y, 3*y + 10 = -2*y. Suppose -r*x = -x - j. What is the units digit of x?
1
Suppose -11*f = -14*f. Suppose 3*a = g - 32, f = -0*g + 2*g - 5*a - 64. Suppose -3*m - 2*m + g = 4*k, -5*k + 5*m = -85. What is the units digit of k?
3
Suppose 3*q - 29596 = -5*r, 0*q = 3*q - 3*r - 29604. What is the thousands digit of q?
9
Let v = 119 - 159. Let o = 341 + v. What is the units digit of o?
1
What is the units digit of (5 + 1 - 0) + (-7 - -7594)?
3
Let u(t) = -2*t + 4. Let h be u(-5). Suppose 2*p = -h - 66. Let l = -39 - p. What is the units digit of l?
1
Let u = -48 + 11. Let j = u - -37. Suppose 4*z = -3*d - 2 + 17, 4*z = j. What is the units digit of d?
5
Let q = -24179 - -45909. What is the ten thousands digit of q?
2
Let k = -3935 - -38925. Suppose -500 = -26*a + k. What is the hundreds digit of a?
3
Let d = 230 + -247. Let b(c) = 2*c**2 + 5*c - 14. What is the tens digit of b(d)?
7
Suppose -7 = d - 30. Suppose -3*p = g - 147 + d, 0 = -4*p + 2*g + 162. Let v = 253 - p. What is the units digit of v?
2
Let b(v) = -174*v**3 + 2*v**2 + 4*v + 2. Let x be b(-1). Suppose -11*q + 1058 + x = 0. What is the tens digit of q?
1
Suppose 25237 - 3914 = 9*c - 8548. What is the thousands digit of c?
3
Suppose -66*l = 1096359 - 3918255. What is the thousands digit of l?
2
Suppose 2607 + 27099 = 6*b. What is the hundreds digit of b?
9
Suppose 2*j + v - 45 = 0, -j = -3*j - 2*v + 50. Suppose -j*o + 764 = -19*o. What is the units digit of o?
4
Suppose -63*y + 527239 + 618983 = 0. What is the hundreds digit of y?
1
Let p(f) be the second derivative of f**5/10 + 5*f**4/12 - f**3/2 + 2*f**2 - 2*f - 16. Suppose 2 = 3*x - 7. What is the tens digit of p(x)?
9
Let f = 43 - 31. Suppose 0 = -3*u + f, 2 = -q + 4*u - 12. Suppose -q*h = -43 - 73. What is the units digit of h?
8
Let y(m) = -2*m**2 - 8*m - 14. Let a be y(-7). Let t = a + 273. What is the hundreds digit of t?
2
Suppose -8*a = -5*a - 45. Suppose 0 = -5*f - 5*p + a, 5*f = 2*p - 4 + 19. Suppose -2*i - 13 + 165 = w, -f*i = -5*w - 202. What is the tens digit of i?
7
Suppose 19*h - 589258 = -66416. What is the ten thousands digit of h?
2
Let x(z) = -14*z - 62. Let y be x(-5). What is the units digit of ((-252)/y)/(1*(-2)/44)?
3
Suppose 5*r + 2*a = 67671, 2*r - 4*a - 13579 - 13475 = 0. What is the units digit of r?
3
Suppose s - 4*w - 10 = 6, -5*s + 4 = -w. Let n(a) = 48*a - 190. Let o be n(5). Let t = o - s. What is the units digit of t?
0
Let d(b) = -13*b**3 - 10 + 7 - 3*b**2 - 3*b - 54*b**3. Let g(r) = 67*r**3 + 2*r**2 + 2*r + 2. Let o(u) = 2*d(u) + 3*g(u). What is the units digit of o(1)?
7
Suppose -5*d + 8 = 223. Let f = d + 61. What is the units digit of ((-186)/f)/(2/(-6))?
1
Suppose -47*g - 18755 = -51185. What is the tens digit of g?
9
Suppose -o = -h - 0*h - 61, 0 = -2*o + 4*h + 118. Let t = 78 - o. Suppose -t*q + 10*q = -530. What is the tens digit of q?
0
What is the hundreds digit of 146178/63 - (-20)/(-70)?
3
Let j = -69 + 93. Suppose 4*q = j*q - 5180. What is the tens digit of q?
5
Let y = 2952 + -565. What is the hundreds digit of y?
3
Let y(i) = -i**2 - 45*i - 48. Let a be -6 + (-320)/(-56) - 332/14. What is the 